.
11
Let x(q) = q**2 + 5*q + 1. Give x(-10).
51
Let m(c) = 2*c**2 + 7*c + 1. What is m(5)?
86
Let l(w) = -2*w + 24. Calculate l(4).
16
Let t(u) = u + 2. What is t(-4)?
-2
Let f(u) = -32*u + 17. What is f(5)?
-143
Let y(c) = -c**3 + 11*c**2 - 11*c. Determine y(10).
-10
Let i(k) = -k**3 - 14*k**2 + 7*k - 38. What is i(-15)?
82
Let b(a) = 8*a**2 + 3*a - 3. What is b(1)?
8
Let z(h) = -8*h - 5. Determine z(1).
-13
Let w(t) = -t**3 + t**2 + 5*t - 5. Determine w(0).
-5
Let i(n) = -2*n**2 + 14*n + 3. What is i(7)?
3
Let a(s) = -2*s**2 + 9*s + 84. Give a(9).
3
Let u(p) = 6*p - 292. Determine u(48).
-4
Let j(p) = -13*p + 61. Determine j(-9).
178
Let w(t) = -22*t**3 + 2*t**2 - t. Determine w(1).
-21
Let f(v) = -3*v - 9. Calculate f(-1).
-6
Let l(q) = 3*q + 35. Calculate l(-12).
-1
Let p(j) = -96*j + 392. Give p(4).
8
Let a(q) = q**2 - q + 110. What is a(0)?
110
Let a(h) = -4*h**3 + 90*h**2 + 46*h - 15. Give a(23).
-15
Let n(u) = u + 2. Determine n(-7).
-5
Let z(a) = 13*a + 96. Calculate z(-8).
-8
Let r(l) = -l**3 - 9*l**2 - 9*l + 9. Calculate r(-8).
17
Let s(t) = -9*t - 12. Give s(-8).
60
Let z(d) = d - 11. Calculate z(13).
2
Let j(u) = 2*u + 1. Give j(9).
19
Let h(m) = m**3 - 10*m**2 + 2*m - 2. What is h(9)?
-65
Let u(y) = y**2 + 2*y + 13. Calculate u(-4).
21
Let l(x) = x**3 - 14*x**2 - x - 6. What is l(14)?
-20
Let m(c) = 29*c + 3. Calculate m(-3).
-84
Let d(j) = -2*j - 1. Determine d(6).
-13
Let a(z) = 2*z**2 + 24*z - 20. Calculate a(-13).
6
Let d(v) = -13*v - 27. Give d(-2).
-1
Let j(u) = -14*u. Calculate j(-2).
28
Let n(y) = -y**3 + 7*y**2 - 9*y + 4. Calculate n(7).
-59
Let m(c) = -22*c + 2. Determine m(1).
-20
Let z(g) = -3*g**3 - g**2 + 5*g - 4. What is z(2)?
-22
Let u(j) = -10*j - 11. Determine u(-6).
49
Let p(v) = v**2 - 6*v + 4. Give p(7).
11
Let g(y) = y**3 - 8*y**2 + 5*y - 3. What is g(3)?
-33
Let w(h) = 3*h**3 - 9*h**2 - 16*h + 49. What is w(3)?
1
Let l(w) = -8*w + 25. Determine l(10).
-55
Let b(l) = 41*l + 375. Calculate b(-9).
6
Let r(p) = 14*p + 254. What is r(-18)?
2
Let i(p) = p**2 + 2*p - 115. What is i(-12)?
5
Let z(y) = 2*y - 16. Calculate z(11).
6
Let a(b) = -83*b**2 - 3*b - 1. Calculate a(-1).
-81
Let p(z) = -4*z + 23. Give p(20).
-57
Let w(u) = u**3 + 5*u**2 - 3*u + 8. Give w(-6).
-10
Let p(i) = -i**3 - i**2 + 2*i - 6. Calculate p(0).
-6
Let s(f) = f**2 - 2*f + 1. Calculate s(1).
0
Let k(o) = o**3 + 7*o**2 - 7. Calculate k(-6).
29
Let l(a) = -18*a + 934. Calculate l(52).
-2
Let r(s) = -5*s - 53. What is r(-18)?
37
Let m(n) = -4*n**2 - 6*n - 5. Give m(-5).
-75
Let a(l) = -21*l**3 + 5*l**2 + 2*l - 3. Determine a(1).
-17
Let j(z) = z**2 + 12*z - 14. Calculate j(-11).
-25
Let g(d) = d**3 - 13*d**2 + 24*d - 18. Give g(11).
4
Let n(j) = -j**3 + 8*j**2 - 15*j + 117. Determine n(8).
-3
Let m(h) = -h**3 + 5*h**2 - 3*h + 5. What is m(4)?
9
Let j(k) = k**2 + 10*k - 6. What is j(-8)?
-22
Let n(o) = o**3 - 14*o**2 + 8*o + 13. Calculate n(13).
-52
Let y(d) = -12*d**2 + 2*d - 2. Calculate y(1).
-12
Let b(z) = 19*z - 253. Determine b(13).
-6
Let c(r) = r**3 + 7*r**2 - 8*r + 8. Give c(-8).
8
Let n(d) = 56*d - 6. Give n(1).
50
Let m(g) = g**3 - g**2 - 8*g - 11. Determine m(4).
5
Let u(c) = -c**3 - c**2 - c + 10. What is u(2)?
-4
Let h(t) = -5*t**2 + 3*t + 3. Determine h(3).
-33
Let p(g) = g**3 - 5*g**2 - 4*g + 11. Determine p(5).
-9
Let h(f) = -50*f + 2. Determine h(-2).
102
Let o(u) = -u**2 - 3*u + 1. Give o(-4).
-3
Let n(x) = -x**2 + 16*x + 243. Calculate n(26).
-17
Let p(h) = h**2 + 5*h + 3. Calculate p(-5).
3
Let t(u) = -2*u**3 + u. Determine t(1).
-1
Let i(o) = -o**3 - 10*o**2 - 9*o. Determine i(-9).
0
Let f(c) = -c**3 + 23*c**2 - 23*c + 27. What is f(22)?
5
Let s(v) = -11*v**2 - 75*v + 9. Determine s(-7).
-5
Let f(t) = -t**2 + 14*t + 14. Determine f(10).
54
Let y(h) = 5*h - 20. Calculate y(5).
5
Let t(l) = -2*l - 3. Determine t(-2).
1
Let g(u) = -u**3 + 4*u**2 - 2*u + 4. Determine g(2).
8
Let f(r) = -r**3 + 10*r**2 - 9*r + 2. What is f(9)?
2
Let g(l) = -39*l - 75. Calculate g(-2).
3
Let r(q) = -3*q + 34. Give r(13).
-5
Let g(n) = -n**3 + 27*n**2 + 59*n - 18. Determine g(29).
11
Let x(v) = -v**3 + v**2 - 3. Determine x(0).
-3
Let k(p) = -p**2 - 16*p + 31. Determine k(-20).
-49
Let w(c) = -2*c**2 + 36*c - 44. Calculate w(17).
-10
Let d(x) = -x**3 + 9*x**2 + 5*x - 18. Calculate d(9).
27
Let w(p) = 15*p + 115. Calculate w(-8).
-5
Let q(o) = 8*o - 115. Give q(12).
-19
Let q(p) = -4*p**2 + p. Determine q(1).
-3
Let t(g) = -g**2 - 12*g + 17. What is t(-12)?
17
Let u(m) = -2*m**3 + 23*m**2 - 14*m + 40. Determine u(11).
7
Let b(t) = -10*t + 24. What is b(2)?
4
Let a(b) = b**3 - 4*b**2 - 79*b + 20. Calculate a(11).
-2
Let l(j) = j**2 + 9*j + 2. What is l(-6)?
-16
Let l(y) = y**2 + 12*y - 131. Give l(7).
2
Let b(n) = -3*n**3 + 46*n**2 - 17*n + 38. Determine b(15).
8
Let i(m) = m**3 + 12*m**2 - 29*m - 15. Calculate i(-14).
-1
Let k(u) = 2*u - 5. What is k(-5)?
-15
Let j(k) = -5*k + 20. Determine j(-7).
55
Let q(r) = 4*r**2 - 51*r - 26. What is q(13)?
-13
Let g(z) = 59*z - 590. Determine g(10).
0
Let m(l) = -l**2 + 9*l - 18. What is m(10)?
-28
Let s(u) = -u**3 - 5*u**2 - 4*u - 3. Give s(-3).
-9
Let s(o) = o**3 - 13*o**2 + 30*o + 11. Give s(10).
11
Let o(t) = -t**3 - 7*t**2 + 9*t + 4. Give o(-8).
-4
Let a(z) = -z**2 - 18*z + 29. Give a(-17).
46
Let z(x) = x**3 - 15*x**2 + 26*x - 11. Give z(13).
-11
Let p(w) = 2*w**2 + 23*w - 6. Calculate p(-11).
-17
Let w(u) = u**3 - 5*u**2 + u + 7. Determine w(6).
49
Let o(w) = -w**3 + w**2 + 2*w - 4. What is o(3)?
-16
Let u(d) = 6*d - 39. Calculate u(8).
9
Let g(t) = t**2 + 14*t + 18. Calculate g(-12).
-6
Let q(x) = -29*x**2 + x. What is q(-1)?
-30
Let o(y) = -y**2 - 8*y - 17. Determine o(-8).
-17
Let d(o) = o**2 - 6*o - 21. What is d(-3)?
6
Let t(s) = s**2 + 9*s + 10. Calculate t(-7).
-4
Let s(w) = 2*w**2 - 17*w - 10. What is s(9)?
-1
Let k(d) = -9*d + 103. What is k(12)?
-5
Let z(v) = v**3 - 20*v**2 - 23*v + 48. Give z(21).
6
Let h(f) = -2*f**2 - 4*f - 9. Determine h(-6).
-57
Let m(o) = 8*o + 44. Determine m(11).
132
Let w(a) = -2*a**2 + 4*a + 6. Determine w(-2).
-10
Let h(r) = r**2 + 8*r - 6. Give h(-9).
3
Let s(l) = -l**3 + 15*l**2 + 13*l + 34. Give s(16).
-14
Let o(s) = s**3 + 5*s**2 + 3*s. Determine o(-4).
4
Let c(q) = -q**2 + 6*q + 34. Calculate c(9).
7
Let n(a) = a**3 - a**2 + a - 1. Give n(0).
-1
Let d(v) = -6*v**2 - 23*v - 8. Determine d(-3).
7
Let f(a) = a**3 + 9*a**2 - 19*a + 16. What is f(-11)?
-17
Let h(o) = -o + 2. Give h(19).
-17
Let b(i) = 9*i**2 - 41*i - 28. Give b(5).
-8
Let f(z) = 2*z**2 + 5*z - 3. Determine f(2).
15
Let o(p) = 9*p**2 + p. Give o(-2).
34
Let v(b) = -b**2 - 8*b - 2. Determine v(-12).
-50
Let q(r) = -3*r - 9. What is q(-4)?
3
Let z(r) = r**3 - 5*r**2 + r - 7. Determine z(5).
-2
Let i(l) = -2*l + 12. Calculate i(4).
4
Let p(m) = -m - 16. Determine p(12).
-28
Let b(m) = -6*m**3 - m**2 + m. Determine b(1).
-6
Let b(k) = -k + 21. Give b(13).
8
Let q(c) = -3*c**2 - c + 58. Determine q(-6).
-44
Let q(j) = -5*j**2 - 19*j + 2. What is q(-4)?
-2
Let g(f) = -3*f - 12. Determine g(0).
-12
Let n(v) = v + 20. What is n(-11)?
9
Let t(c) = -c**3 - 8*c**2 - 3*c - 12. What is t(-8)?
12
Let i(c) = c**3 - 2*c**2 - 6*c + 3. What is i(4)?
11
Let x(z) = -3*z + 104. Calculate x(32).
8
Let s(u) = -4*u**2 - u + 4. Give s(-3).
-29
Let j(k) = -125*k**2 + 3*k - 1. What is j(1)?
-123
Let o(k) = -5*k - 11. What is o(-3)?
4
Let r(z) = 2*z**3 - 8*z**2 - 3*z + 10. Give r(4).
-2
Let z(k) = k**2 + 4*k + 3. Determine z(-9).
48
Let q(m) = -m**3 + 9*m**2 - 11*m + 14. Determine q(8).
-10
Let y(z) = -z**3 + 5*z + 9. Determine y(-3).
21
Let w(p) = 16*p + 1. Calculate w(-1).
-15
Let v(d) = d**2 - 7*d + 8. Determine v(7).
8
Let y(a) = -11*a - 75. What is y(-7)?
2
Let w(m) = -66*m - 335. What is w(-5)?
-5
Let j(w) = w**2 - 12*w - 10. What is j(11)?
-21
Let h(q) = -13*q + 18. Determine h(8).
-86
Let y(j) = -5*j + 37. Determine y(14).
-33
Let i(a) = -16*a - 10. What is i(-1)?
6
Let a(k) = -k**2 + 15*k - 11. Determine a(12).
25
Let a(o) = o**2 + 5*o + 10. Calculate a(-4).
6
Let h(y) = 6*y - 7. Give h(3).
11
Let k(i) = -i**3 - 3*i + 8. What is k(4)?
-68
Let k(n) = -3*n**2 + 21*n - 7. Determine k(7).
-7
Let w(p) = 2*p**2 + 3*p + 6. Determine w(-3).
15
Let g(b) = -3*b**2 - b - 2. What is g(-5)?
-72
Let r(p) = -5*p**2 - 5*p. Calcul